{"id":101,"date":"2015-07-09T21:36:16","date_gmt":"2015-07-09T21:36:16","guid":{"rendered":"http:\/\/violaine-romeas.org\/?page_id=101"},"modified":"2026-01-14T15:03:29","modified_gmt":"2026-01-14T15:03:29","slug":"ateliers","status":"publish","type":"page","link":"https:\/\/lefildesformes.org\/?page_id=101","title":{"rendered":"Ateliers"},"content":{"rendered":"\n<h4 class=\"wp-block-heading\">L&rsquo;expression par la marionnette<\/h4>\n\n\n<p><a href=\"http:\/\/violaine-romeas.org\/wp-content\/uploads\/2015\/07\/atelier-centre-a\u00e9r\u00e9.jpg\"><img loading=\"lazy\" decoding=\"async\" class=\" size-medium wp-image-104 alignright\" src=\"http:\/\/violaine-romeas.org\/wp-content\/uploads\/2015\/07\/atelier-centre-a\u00e9r\u00e9-300x225.jpg\" alt=\"atelier centre a\u00e9r\u00e9\" width=\"300\" height=\"225\" srcset=\"https:\/\/lefildesformes.org\/wp-content\/uploads\/2015\/07\/atelier-centre-a\u00e9r\u00e9-300x225.jpg 300w, https:\/\/lefildesformes.org\/wp-content\/uploads\/2015\/07\/atelier-centre-a\u00e9r\u00e9-1024x768.jpg 1024w\" sizes=\"auto, (max-width: 300px) 100vw, 300px\" \/><\/a>Pour commencer, je propose une petite pr\u00e9sentation du m\u00e9tier de marionnettiste, des diff\u00e9rents types de marionnettes qui existent&#8230; une br\u00e8ve histoire de la marionnette, avec des images et des livres \u00e0 l\u2019appui.<br \/>Ensuite, \u00e0 partir d\u2019\u00e9l\u00e9ments de mat\u00e9riaux divers, tels que des v\u00e9g\u00e9taux trouv\u00e9s en promenade (si le temps et l\u2019environnement le permet), d\u2019objets devenus inutiles que l\u2019on aura gard\u00e9s ou r\u00e9cup\u00e9r\u00e9s pour l\u2019occasion, ou de mat\u00e9riaux sortis de mon atelier comme de la terre, des tiges de bambou, du tissu, de la mousse, du carton, etc&#8230; je propose \u00e0 chaque participant de fabriquer une marionnette,<br \/>Pour commencer il faudra choisir les mat\u00e9riaux en ayant en t\u00eate la mobilit\u00e9 du personnage, sa d\u00e9marche, sa voix, l\u2019id\u00e9e de lui donner vie.<br \/>Une construction simple.<\/p>\n<p><a href=\"http:\/\/violaine-romeas.org\/wp-content\/uploads\/2015\/07\/P1040119.jpg\"><img loading=\"lazy\" decoding=\"async\" class=\" size-medium wp-image-105 alignleft\" src=\"http:\/\/violaine-romeas.org\/wp-content\/uploads\/2015\/07\/P1040119-300x225.jpg\" alt=\"P1040119\" width=\"300\" height=\"225\" srcset=\"https:\/\/lefildesformes.org\/wp-content\/uploads\/2015\/07\/P1040119-300x225.jpg 300w, https:\/\/lefildesformes.org\/wp-content\/uploads\/2015\/07\/P1040119-1024x768.jpg 1024w, https:\/\/lefildesformes.org\/wp-content\/uploads\/2015\/07\/P1040119.jpg 2048w\" sizes=\"auto, (max-width: 300px) 100vw, 300px\" \/><\/a><br \/>Puis, je propose diff\u00e9rents jeux dans lesquels nous pourrons utiliser ces marionnettes.<br \/>Gr\u00e2ce \u00e0 des exercices d\u2019acteurs, \u00e0 travers la marionnette, il s\u2019agit de trouver une d\u00e9marche aux personnages, une voix propre \u00e0 chaque marionnette. Ces jeux se pratiquent tous ensemble, par petits groupes et en petites pr\u00e9sentations individuelles. Chacun sera donc sollicit\u00e9 en tant qu\u2019acteur, et aussi, en tant que spectateur, affin\u00e2t son attention et son \u00e9coute.<br \/>Je propose un petit \u00e9chauffement physique, (en pensant aux marionnettes et \u00e0 leurs mouvements) avant chaque s\u00e9ance, pour d\u00e9marrer l\u2019atelier.<br \/>L\u2019 atelier peut \u00eatre envisag\u00e9 sur une ann\u00e9e scolaire ou par tranche trimestrielle \u00e0 reconduire, \u00e0 raison d\u2019une s\u00e9ance par semaine, ou encore sur une dur\u00e9e d\u2019une ou deux semaines pendant des vacances scolaires, comme activit\u00e9 propos\u00e9e le matin ou l\u2019apr\u00e8s-midi, par tranche horaire de 2 heures 30, avec une pause \u00e0 la mi-temps.<\/p>\n<p>La marionnette touche diff\u00e9rents domaines artistiques : art plastique, expression th\u00e9\u00e2trale.<br \/>C\u2019est un outil formidable qui donne la possibilit\u00e9 de d\u00e9couvrir en soi et de d\u00e9voiler de grandes forces et diff\u00e9rents talents, et \u00e9galement d\u2019exprimer parfois ce qui ne s\u2019exprime pas directement avec son propre corps, sa propre voix.<br \/>Je suis convaincue de l\u2019int\u00e9r\u00eat d\u2019utiliser la marionnette pour d\u00e9velopper les capacit\u00e9s d\u2019expression et de confiance en soi. Elle am\u00e8ne par le jeu \u00e0 utiliser de nombreuses capacit\u00e9s, \u00e0 se relier \u00e0 son imaginaire, et \u00e0 communiquer. Elle \u00e9veille aussi la curiosit\u00e9 et provoque le mouvement.<br \/>Ces ateliers peuvent \u00eatre l\u2019occasion d\u2019utiliser des moyens d\u2019expression et des techniques aussi diverses que le dessin, l\u2019\u00e9criture d\u2019un dialogue, l\u2019improvisation, la voix parl\u00e9e, la m\u00e9morisation d\u2019un texte, la confection d\u2019un costume, l\u2019\u00e9laboration d\u2019un d\u00e9cor.<br \/>En fonction du groupe et des choix que nous ferons ensemble, il peut \u00eatre envisag\u00e9 une pr\u00e9sentation de l\u2019atelier devant un public.<br \/>Je propose \u00e9galement d\u2019initier au th\u00e9\u00e2tre d\u2019ombre.<\/p>","protected":false},"excerpt":{"rendered":"<p>L&rsquo;expression par la marionnette Pour commencer, je propose une petite pr\u00e9sentation du m\u00e9tier de marionnettiste, des diff\u00e9rents types de marionnettes qui existent&#8230; une br\u00e8ve histoire de la marionnette, avec des images et des livres \u00e0 l\u2019appui.Ensuite, \u00e0 partir d\u2019\u00e9l\u00e9ments de mat\u00e9riaux divers, tels que des v\u00e9g\u00e9taux trouv\u00e9s en promenade (si le temps et l\u2019environnement le &hellip; <a href=\"https:\/\/lefildesformes.org\/?page_id=101\" class=\"more-link\">Continuer la lecture de <span class=\"screen-reader-text\">Ateliers<\/span> <span class=\"meta-nav\">&rarr;<\/span><\/a><\/p>\n","protected":false},"author":1,"featured_media":0,"parent":0,"menu_order":0,"comment_status":"closed","ping_status":"closed","template":"","meta":{"footnotes":""},"class_list":["post-101","page","type-page","status-publish","hentry"],"_links":{"self":[{"href":"https:\/\/lefildesformes.org\/index.php?rest_route=\/wp\/v2\/pages\/101","targetHints":{"allow":["GET"]}}],"collection":[{"href":"https:\/\/lefildesformes.org\/index.php?rest_route=\/wp\/v2\/pages"}],"about":[{"href":"https:\/\/lefildesformes.org\/index.php?rest_route=\/wp\/v2\/types\/page"}],"author":[{"embeddable":true,"href":"https:\/\/lefildesformes.org\/index.php?rest_route=\/wp\/v2\/users\/1"}],"replies":[{"embeddable":true,"href":"https:\/\/lefildesformes.org\/index.php?rest_route=%2Fwp%2Fv2%2Fcomments&post=101"}],"version-history":[{"count":10,"href":"https:\/\/lefildesformes.org\/index.php?rest_route=\/wp\/v2\/pages\/101\/revisions"}],"predecessor-version":[{"id":390,"href":"https:\/\/lefildesformes.org\/index.php?rest_route=\/wp\/v2\/pages\/101\/revisions\/390"}],"wp:attachment":[{"href":"https:\/\/lefildesformes.org\/index.php?rest_route=%2Fwp%2Fv2%2Fmedia&parent=101"}],"curies":[{"name":"wp","href":"https:\/\/api.w.org\/{rel}","templated":true}]}}